{"id":27399,"date":"2024-06-17T00:28:49","date_gmt":"2024-06-17T00:28:49","guid":{"rendered":"https:\/\/sofiabeauty.fr\/?post_type=product&#038;p=27399"},"modified":"2026-03-04T13:14:06","modified_gmt":"2026-03-04T13:14:06","slug":"my-pen-a-sourcils-waterproof","status":"publish","type":"product","link":"https:\/\/sofiabeauty.fr\/index.php\/produit\/my-pen-a-sourcils-waterproof\/","title":{"rendered":"My Pen a Sourcils , waterproof"},"content":{"rendered":"<p>\u0642\u0644\u0645 \u0627\u0644\u062d\u0648\u0627\u062c\u0628<br \/>\nWATERPROOF<br \/>\nIMPERM\u00c9ABLE 1.5g\/0.053fl.oz<br \/>\nHIGH PRECISION NATURAL FINISH EYEBROW PEN STYLO SOURCILS NATUREL HAUTE perfection<br \/>\nD\u00e9finissez la courbure, comblez les zones clairsem\u00e9es et dessinez vos sourcils pour cr\u00e9er un look naturel ou spectaculaire, tout en les nourrissant gr\u00e2ce \u00e0 notre formule super longue tenue enrichie en vitomine E , r\u00e9sistante \u00e0 l&rsquo;eau<\/p>\n","protected":false},"excerpt":{"rendered":"<p>\u0642\u0644\u0645 \u0627\u0644\u062d\u0648\u0627\u062c\u0628 WATERPROOF IMPERM\u00c9ABLE 1.5g\/0.053fl.oz HIGH PRECISION NATURAL FINISH EYEBROW PEN STYLO SOURCILS NATUREL HAUTE perfection D\u00e9finissez la courbure, comblez<\/p>\n","protected":false},"featured_media":27401,"comment_status":"open","ping_status":"closed","template":"","meta":[],"product_cat":[42],"product_tag":[],"class_list":{"0":"post-27399","1":"product","2":"type-product","3":"status-publish","4":"has-post-thumbnail","6":"product_cat-maquillage-maquillage","8":"first","9":"instock","10":"shipping-taxable","11":"purchasable","12":"product-type-simple"},"jetpack_sharing_enabled":true,"_links":{"self":[{"href":"https:\/\/sofiabeauty.fr\/index.php\/wp-json\/wp\/v2\/product\/27399","targetHints":{"allow":["GET"]}}],"collection":[{"href":"https:\/\/sofiabeauty.fr\/index.php\/wp-json\/wp\/v2\/product"}],"about":[{"href":"https:\/\/sofiabeauty.fr\/index.php\/wp-json\/wp\/v2\/types\/product"}],"replies":[{"embeddable":true,"href":"https:\/\/sofiabeauty.fr\/index.php\/wp-json\/wp\/v2\/comments?post=27399"}],"version-history":[{"count":1,"href":"https:\/\/sofiabeauty.fr\/index.php\/wp-json\/wp\/v2\/product\/27399\/revisions"}],"predecessor-version":[{"id":27402,"href":"https:\/\/sofiabeauty.fr\/index.php\/wp-json\/wp\/v2\/product\/27399\/revisions\/27402"}],"wp:featuredmedia":[{"embeddable":true,"href":"https:\/\/sofiabeauty.fr\/index.php\/wp-json\/wp\/v2\/media\/27401"}],"wp:attachment":[{"href":"https:\/\/sofiabeauty.fr\/index.php\/wp-json\/wp\/v2\/media?parent=27399"}],"wp:term":[{"taxonomy":"product_cat","embeddable":true,"href":"https:\/\/sofiabeauty.fr\/index.php\/wp-json\/wp\/v2\/product_cat?post=27399"},{"taxonomy":"product_tag","embeddable":true,"href":"https:\/\/sofiabeauty.fr\/index.php\/wp-json\/wp\/v2\/product_tag?post=27399"}],"curies":[{"name":"wp","href":"https:\/\/api.w.org\/{rel}","templated":true}]}}